1578*r - 563. Determine j(-88).
-35
Let q(r) = r**3 - 25*r**2 + 248*r - 4013. Give q(22).
-9
Let q(n) = -7074*n + 127061. Calculate q(18).
-271
Let m(q) = -1152*q - 148. What is m(0)?
-148
Let b(f) = -3*f**3 + 402*f**2 + 384*f + 1133. Give b(135).
-1702
Let g(c) = -25*c**2 - 57*c + 2. Calculate g(-9).
-1510
Let d(u) = -4581*u - 35989. Calculate d(-8).
659
Let n(l) = 21*l**2 + 2557*l - 67260. What is n(-144)?
-12
Let j(g) = -2*g**3 + 17*g**2 - 14*g - 6. Determine j(7).
43
Let u(h) = 1267*h - 2357. Determine u(2).
177
Let k(f) = 2071*f**2 - 2*f + 580. Calculate k(0).
580
Let f(m) = m**3 - 126*m**2 + 123*m + 269. What is f(125)?
19
Let d(j) = -102252*j + 1022513. Determine d(10).
-7
Let u(l) = 1458*l + 24702. What is u(-17)?
-84
Let u(f) = 11*f + 715. Calculate u(-63).
22
Let f(v) = -61*v**3 + 2*v**2 + 2*v - 10. Give f(-2).
482
Let a(u) = -2*u**3 - 90*u**2 + 2446*u + 898. What is a(-64)?
2
Let d(t) = -t**3 - 79*t**2 + 173*t - 180. Determine d(-81).
-1071
Let q(x) = -796*x**2 - 89*x - 78. Give q(-1).
-785
Let z(r) = -571*r - 30283. Calculate z(-50).
-1733
Let y(m) = -9*m**3 + 390*m**2 + 270*m - 203. Determine y(44).
61
Let q(u) = 60579*u - 3089534. What is q(51)?
-5
Let l(v) = -9454*v - 453808. What is l(-48)?
-16
Let v(d) = 64231*d - 10855049. Give v(169).
-10
Let s(y) = -50*y**2 + 789*y. Give s(18).
-1998
Let p(f) = -f**3 + f**2 - 602*f - 4595. Give p(-7).
11
Let u(l) = -2*l**3 - 74*l**2 + 146*l + 73. Give u(-39).
463
Let s(g) = -52248*g - 156736. Calculate s(-3).
8
Let z(d) = -14*d**2 + 1809*d - 197. Give z(129).
190
Let y(p) = 2830*p + 645244. Give y(-228).
4
Let s(y) = y**3 + 11*y**2 + 56*y - 345. What is s(-14)?
-1717
Let a(t) = 258*t - 130782. Calculate a(507).
24
Let m(a) = -11*a**2 + 1650*a + 109. Calculate m(150).
109
Let r(i) = -128*i - 1917. What is r(-32)?
2179
Let u(a) = -164*a**3 - 793*a**2 + 129*a - 16. Determine u(-5).
14
Let h(g) = -g**2 - 2499*g - 191188. Give h(-79).
-8
Let w(l) = -570*l**3 - 51*l**2 - 53*l - 1. Determine w(-1).
571
Let c(k) = 1093*k**2 - 2319*k + 4636. Determine c(2).
4370
Let p(j) = -17*j**3 + 50*j**2 - 10240*j + 30722. Calculate p(3).
-7
Let t(k) = 91*k**3 + 7*k**2 + 497*k + 491. What is t(-1)?
-90
Let n(g) = -12175*g + 159982. What is n(13)?
1707
Let q(g) = -14*g**2 - 871*g + 375. Determine q(-63).
-318
Let q(k) = -k**3 + 351*k**2 + 53010*k + 5. Calculate q(-114).
5
Let m(v) = 6*v**2 - 699*v - 7596. What is m(-10)?
-6
Let y(x) = -x**2 - 172*x - 3933. Give y(-74).
3319
Let k(m) = -41*m**2 - 1309*m + 136. What is k(-32)?
40
Let f(u) = 3*u**3 + 2*u**2 - 17*u - 12. Give f(4).
144
Let g(n) = -18*n**2 - 462*n - 814. What is g(-24)?
-94
Let c(r) = -r**3 - 12*r**2 + 69*r + 656. Calculate c(-17).
928
Let z(p) = 5588*p + 229126. Determine z(-41).
18
Let r(l) = -82*l + 1688. Calculate r(11).
786
Let v(b) = -9*b**2 - 456*b + 3533. What is v(-57)?
284
Let u(o) = -o**3 - 80*o**2 - 2044*o - 57535. What is u(-62)?
1
Let j(l) = 22*l**2 - 244*l + 699. Calculate j(17).
2909
Let i(k) = -46*k**2 + 965*k + 4340. Calculate i(25).
-285
Let x(y) = -103*y**2 - 6702*y - 395. Calculate x(-65).
60
Let p(o) = 3988*o + 115696. What is p(-29)?
44
Let c(j) = -391*j - 63832. Give c(-163).
-99
Let q(w) = 479*w - 185220. Calculate q(387).
153
Let s(r) = 6*r**3 - 1231*r**2 + 3827*r + 466. Determine s(202).
-1756
Let q(m) = 2*m**2 - 2813*m - 497842. Determine q(-159).
-13
Let b(v) = -134*v**2 - 801*v + 1598. Calculate b(2).
-540
Let d(o) = 459068*o - 459130. Determine d(1).
-62
Let t(d) = -5*d**2 + 1310*d - 131. Determine t(262).
-131
Let u(d) = -2118*d + 14646. Determine u(7).
-180
Let z(u) = 2*u**3 - 20*u**2 + 277*u - 4646. What is z(13)?
-31
Let r(f) = -f**3 - 73*f**2 + 580*f + 1859. Give r(-80).
259
Let b(j) = 111*j**2 + 1863*j - 586. What is b(-17)?
-178
Let z(l) = -l**3 - 13*l**2 - 1328*l - 20061. Determine z(-15).
309
Let c(v) = 25*v**2 - 8747*v - 8746. Give c(-1).
26
Let w(n) = 2299*n + 57574. Determine w(-25).
99
Let r(z) = -8202*z - 106479. Give r(-13).
147
Let n(f) = -45*f**2 + 151*f + 4328. Calculate n(12).
-340
Let p(i) = -i**2 - 18299*i + 1193647. What is p(65)?
-13
Let h(f) = -116*f**2 - 153*f - 5. Calculate h(-2).
-163
Let b(f) = -f**2 + 21*f - 209. Calculate b(18).
-155
Let s(r) = -3*r**3 - 108*r**2 - 42*r - 1057. Determine s(-36).
455
Let m(t) = -12*t**3 - 307*t**2 + 138*t + 133. What is m(-26)?
-75
Let f(k) = -23*k**3 - 39*k**2 - 20*k - 72. Give f(-2).
-4
Let u(x) = 126*x**2 + 995*x - 3997. Determine u(4).
1999
Let v(w) = 377*w**2 + 81423*w - 1939. Give v(-216).
5
Let x(d) = -4113*d + 61714. Determine x(15).
19
Let x(j) = -960*j + 100792. Calculate x(105).
-8
Let m(v) = v**2 - 83144*v - 748347. Calculate m(-9).
30
Let x(f) = f**3 + 70*f**2 + 749*f + 21. What is x(-57)?
-435
Let a(t) = -2*t**2 - 94*t - 118. What is a(-36)?
674
Let z(a) = 8*a**2 + 3450*a - 13046. Determine z(-435).
4
Let c(s) = 277861*s - 24729627. Determine c(89).
2
Let n(r) = -r**3 + 2*r**2 - 172820*r + 518451. Give n(3).
-18
Let g(r) = 20*r**2 + 2057*r + 13148. Give g(-96).
-4
Let o(q) = -1338*q - 149867. Determine o(-112).
-11
Let n(z) = -z**3 - 19*z**2 + 239*z - 234. Determine n(-28).
130
Let j(s) = -s**2 + 329*s + 25601. Determine j(394).
-9
Let t(q) = -q**3 + 10*q**2 + 123*q - 1154. Give t(12).
34
Let k(f) = -2*f**2 - 69*f + 329. Give k(-54).
-1777
Let k(u) = 3*u**3 + 77*u**2 - 50*u + 8. Calculate k(-26).
632
Let y(x) = -12*x**2 - 508*x - 5129. Determine y(-10).
-1249
Let d(s) = -s**2 - 8598*s - 8598. Determine d(-1).
-1
Let h(l) = 23*l**2 + 266*l + 2221. Determine h(-9).
1690
Let i(w) = 3470*w + 58924. What is i(-17)?
-66
Let h(m) = 3*m**3 + 517*m**2 - 285*m + 10545. Give h(-173).
-8
Let s(p) = -9*p**3 + 7*p**2 + 17*p - 6. What is s(-4)?
614
Let z(s) = 25*s**3 + 1752*s**2 + 180*s + 2794. Determine z(-70).
-6
Let j(y) = 201*y + 10376. Determine j(-51).
125
Let g(r) = -r**3 + 18*r**2 - 84*r - 110. What is g(17)?
-1249
Let m(z) = -7*z**3 - 3640*z**2 - 3*z - 1573. What is m(-520)?
-13
Let n(s) = -71*s + 397. Calculate n(8).
-171
Let s(h) = -49700*h - 99366. Calculate s(-2).
34
Let z(t) = 29*t**2 - 885*t + 1973. Calculate z(28).
-71
Let m(r) = 111*r**3 - 3*r**2 - 34*r - 52. Determine m(-2).
-884
Let w(t) = -2*t**3 + 25*t**2 - 116*t + 2081. What is w(14)?
-131
Let v(x) = -19*x**3 + 32*x**2 - 89*x - 26. Calculate v(4).
-1086
Let p(s) = 21*s**3 - 191*s**2 - 212*s - 11. Give p(10).
-231
Let r(f) = -17766*f + 3126813. Calculate r(176).
-3
Let a(b) = 7*b**3 - 1022*b**2 + 9515*b + 20. What is a(10)?
-30
Let i(b) = -744*b + 23142. Determine i(30).
822
Let g(v) = 12*v**2 + 70*v + 287. Give g(-22).
4555
Let r(t) = 18549*t + 1001656. Give r(-54).
10
Let n(a) = 69*a - 324. What is n(4)?
-48
Let g(z) = -13*z**2 + 159*z - 1668. Determine g(9).
-1290
Let o(r) = -241670*r + 2175026. Give o(9).
-4
Let f(h) = h**3 + 111*h**2 + 3017*h - 218. Calculate f(-63).
223
Let g(x) = 22*x**2 + 2383*x + 691. Determine g(-108).
-65
Let u(j) = 63*j**2 + 459*j - 912. Calculate u(2).
258
Let u(z) = z**2 + 100*z - 955. What is u(14)?
641
Let l(s) = -2540*s - 203168. Give l(-80).
32
Let m(f) = 3057*f + 64264. What is m(-21)?
67
Let i(l) = -77*l**2 + 75*l - 15. Give i(-4).
-1547
Let z(s) = -s**2 + 65*s - 605. Give z(11).
-11
Let l(k) = k**2 + 74*k + 1232. What is l(-55)?
187
Let n(v) = v**3 + 180*v**2 - 19*v - 3089. Calculate n(-180).
331
Let o(i) = -i**3 + 109*i**2 - 1070*i - 22. What is o(10)?
-822
Let t(i) = -2057*i + 351849. Determine t(171).
102
Let z(c) = -39261*c - 2. What is z(0)?
-2
Let o(r) = 23837*r + 381382. Determine o(-16).
-10
Let k(p) = 74*p + 2750. Give k(-38).
-62
Let m(c) = 1626*c - 27943. What is m(17)?
-301
Let g(o) = -5816*o + 17579. What is g(3)?
131
Let d(i) = -27851*i - 83534. Determine d(-3).
19
Let n(w) = 61*w**3 - 2739*w**2 - 250*w - 856. Determine n(45).
44
Let c(o) = 2*o**3 - 1033*o**2 - 2059*o + 43. Give c(-2).
13
Let y(h) = 88668*h - 177362. Calculate y(2).
-26
Let s(x) = x**3 + 68*x**2 + 547*x + 950. Calculate s(-59).
6
Let m(u) = -2*u**3 - 50*u**2 - 109*u - 258. Determine m(-24).
1206
Let h(w) = 9610*w - 27959. What is h(3)?
871
Let o(f) = 1471*f - 73531. What is o(50)?
19
Let s(z) = -149874*z - 449629. Calculate s(-3).
-7
Let b(m) = -450*m - 2540. What is b(5)?
-4790
Let u(b) = b**2 + 4342*b + 2210523. Determine u(-589).
6
Let x(y) = -2*y**2 - 5184*y + 51